{"id":153,"date":"2023-04-18T12:29:46","date_gmt":"2023-04-18T10:29:46","guid":{"rendered":"https:\/\/if-epfcl-paris2024.champlacanienfrance.net\/program\/"},"modified":"2024-04-03T07:23:29","modified_gmt":"2024-04-03T05:23:29","slug":"program","status":"publish","type":"page","link":"https:\/\/if-epfcl-paris2024.champlacanienfrance.net\/en\/program\/","title":{"rendered":"Program"},"content":{"rendered":"\n<div data-wp-interactive=\"core\/file\" class=\"wp-block-file alignwide\"><object data-wp-bind--hidden=\"!state.hasPdfPreview\" hidden class=\"wp-block-file__embed\" data=\"https:\/\/if-epfcl-paris2024.champlacanienfrance.net\/wp-content\/uploads\/2024\/04\/RVI_INT_EN_NUM.pdf\" type=\"application\/pdf\" style=\"width:100%;height:650px\" aria-label=\"Embed of RVI_INT_EN_NUM.\"><\/object><a id=\"wp-block-file--media-c8373610-cbbb-4709-b8ba-b21acee29c2e\" href=\"https:\/\/if-epfcl-paris2024.champlacanienfrance.net\/wp-content\/uploads\/2024\/04\/RVI_INT_EN_NUM.pdf\">RVI_INT_EN_NUM<\/a><a href=\"https:\/\/if-epfcl-paris2024.champlacanienfrance.net\/wp-content\/uploads\/2024\/04\/RVI_INT_EN_NUM.pdf\" class=\"wp-block-file__button wp-element-button\" download aria-describedby=\"wp-block-file--media-c8373610-cbbb-4709-b8ba-b21acee29c2e\">T\u00e9l\u00e9charger<\/a><\/div>\n\n\n\n<h2 class=\"wp-block-heading alignwide\"><strong>Presentation<\/strong><\/h2>\n\n\n\n<p>Every two years, alternating from each side of the Atlantic to the other, an International \u201cRendez-vous\u201d brings together members of the IF and the School around a theme set at the previous\u201d Rendez-vous\u201d.<\/p>\n\n\n\n<p>Prior to each \u201cRendez-vous\u201d, preparatory work is distributed <strong>to<\/strong> the members&#8217; mailing list and posted on the website. The contributions presented during the \u201cRendez-vous\u201d are published electronically in the journal<strong> <\/strong><em>H\u00e9t\u00e9rit\u00e9<\/em><strong>.<\/strong><strong><\/strong><\/p>\n\n\n\n<p>Each meeting is an opportunity to convene the assemblies of the IF and the School with the purpose of adjusting the direction and functioning based on the experience gained and the change of situations.<\/p>\n\n\n\n<h2 class=\"wp-block-heading alignwide\">Agenda<\/h2>\n\n\n\n<h3 class=\"wp-block-heading\">1st may<\/h3>\n\n\n\n<p><strong>PSYCHOANALYSIS WITH CHILDREN, PSYCHOANALYSIS IN INSTITUTIONS<\/strong><\/p>\n\n\n\n<p>Neither one nor the other, and a fortiori not the one with children in institutions, deviates from the singularity of the Analytical Discourse but all these practices present particularities which relate as much to the device as to a more complex relationship to the transfer . On the other hand, the clinic encountered is often particular with numerous cases of psychoses, autism, addictions, family pathologies complicated by social pathologies. The clinical experience of colleagues who work with the REP, RIP, RHIPNA, REPSY networks, can enlighten us on the ethical conditions of these particular clinics supported by the decided desire of clinicians, in particular those who maintain the analytical experience in places who do not support it, or even fight it.<\/p>\n\n\n\n<p><strong>8:30 &gt; RECEPTION<\/strong><\/p>\n\n\n\n<p><strong>9:00 &#8211; 10:00 &gt; ROUNDTABLE RHIPNA : THE PHOBIA&#8230; STILL &#8211;<\/strong><br><strong>COORDINATOR<\/strong>&nbsp;: Stella Casanova (Panama &#8211; RHIPNA Member)<br><strong>RHIPNA- Barcelona<\/strong><br><strong>Pau Borrat<\/strong> (Spain)&nbsp;: Aspirated in the Mirror&#8221;<br><strong>RHIPNA &#8211; North Latin America Zone<\/strong><br><strong>Mar\u00eda de los \u00c1ngeles G\u00f3mez Escudero (<\/strong>Puerto Rico)&nbsp;: Forbidden games: some notes on the body and phobias after the pandemic<br><strong>RHIPNA &#8211; South Latin America Zone<\/strong><br>Mar\u00eda Ver\u00f3nica Lobos (Argentina)&nbsp;: Storm of affection: a child&#8217;s phobia<br><strong>RHIPNA &#8211; Madrid. Aula Abierta<\/strong><br>Francisco Jos\u00e9 Santos Garrido (Spain)&nbsp;: Anguish and the fact of inhabiting language<\/p>\n\n\n\n<p><strong>10:00-10:15 &gt; <\/strong><strong>BREAK<\/strong><\/p>\n\n\n\n<p><strong>10:15- 12:00 &gt; ROUNDTABLE RHIPNA REP \u2013 RIP<\/strong><br><strong>MODERATORS<\/strong><br><strong>Martine Men\u00e8s<\/strong> (France)&nbsp;: Coordinator REP<br><strong>Jean-Pierre Drapier<\/strong> (France)&nbsp;: Coordinator RIP<\/p>\n\n\n\n<p><strong>FIRST SEQUENCE<\/strong><br><strong>Claire Duguet <\/strong>(France) A workshop for autistic people in an institution, what place for psychoanalysis?<br><strong>Consuelo Pereira de Almeida<\/strong> (Brazil) Psychoanalysis with children and in institutions. How can we make anxiety speak when its object is the body itself?<br><strong>Giulio Artizzu<\/strong> (Italy) Transfers and institutions: so as not to shrink from the disappearance of psychosis.<\/p>\n\n\n\n<p><strong>SECOND SEQUENCE<\/strong><br><strong>Elisabeth L\u00e9turgie<\/strong> (France)&nbsp;: The anxiety that (is) hidden<br><strong>Laurence Martin<\/strong> (France)&nbsp;: Sunday evening anxiety<\/p>\n\n\n\n<h4 class=\"wp-block-heading\">13h30-16h30 : Symposium of the pass <\/h4>\n\n\n\n<p>(Participants : the members of the last two CIG attend,&nbsp;<em>passeurs<\/em>&nbsp;who have served in that period and the corresponding pass&nbsp;<em>secretariats<\/em>)<\/p>\n\n\n\n<h4 class=\"wp-block-heading\">16h30-18h30 : International Laboratory of the Politics of Psychoanalysis (LIPP)<\/h4>\n\n\n\n<p><strong>Presentation<\/strong><br>Among the urgencies of our&nbsp;time, the greatest urgency for us&nbsp;today: the survival of psychoanalysis. In one way or another,&nbsp;all&nbsp;participants of the LIPP,&nbsp;gathered in&nbsp;cartels,&nbsp;have different perspectives on this issue.<\/p>\n\n\n\n<p>Attempting&nbsp;to address the politics of our School has,&nbsp;on the one hand, led us&nbsp;to return to&nbsp;the fundamental&nbsp;questions of psychoanalysis that form&nbsp;the politics of psychoanalysis,&nbsp;not to be confused with realpolitik, since &#8220;the unconscious is politics\u201d:&nbsp;the intimate relationship between clinic and politics, the confusion between extension and expansion, the politics of the act, the impossibility of transmission of psychoanalysis, etc.<\/p>\n\n\n\n<p>On the other hand,&nbsp;it has also led us to think about the malaise in our current institutions in order to try to&nbsp;determine if there&nbsp;are&nbsp;distinct&nbsp;external factors in each zone that influence this malaise, as well as to focus on the cause of the malaise, by trying to&nbsp;show&nbsp;the discourse that has been established in this or that situation.&nbsp;On the basis of these questions, possible methods of intervention have been considered.<\/p>\n\n\n\n<p>Finally, \u00bfhow do the emergencies of a time and place affect a Forum, and what are the consequences for the School? These are some of the questions of our School that resonate with our questions about the subjectivity of our contemporary world.<\/p>\n\n\n\n<p><strong>Program<\/strong><br>1. Presentation of the LIPP and its&nbsp;means of diffusion. <strong>Stella Casanova<\/strong><br>2. Politics,&nbsp;semblance,&nbsp;and discourses: affects and effects. <strong>Devra Simiu<\/strong><br>3. The politics of psychoanalysis: a countercurrent politics? <strong>Clara Cecilia Mesa<\/strong><br>4. Psychoanalysis and knowledge.&nbsp;<strong>Maria Koukoumaki, Mohamed Kadarikoumaki, Mohamed Kadari<\/strong><\/p>\n\n\n\n<h3 class=\"wp-block-heading\"><strong>2 may\u00a0<\/strong>: School meeting \u2013 \u00ab\u00a0Knowledge and ignorance in the passage to the analyst\u00a0\u00bb<\/h3>\n\n\n\n<p class=\"has-text-align-right\"><em>Amphitheatre Lavoisier (Simultaneous translation English, Spanish, French, Italian, Portuguese<\/em><\/p>\n\n\n\n<p><strong>8:00-&gt;REGISTRATIONS<\/strong><\/p>\n\n\n\n<p><strong>9:00 -&gt;OPENING<\/strong><br><strong>Carolina Zaffore<\/strong>&nbsp;(Argentina) and&nbsp;<strong>Dominique Fingermann<\/strong>&nbsp;(France)<br>Secretaries&nbsp;of the International College of the Guarantee<\/p>\n\n\n\n<p><strong>9:15 -10:45<\/strong><br><strong>Discussion:&nbsp;Martine Men\u00e8s (<\/strong>France)<br><strong>Elynes Barros<\/strong>&nbsp;AE&nbsp;(Brazil):&nbsp;What can you know from an analysis?<br><strong>Rebeca Garcia<\/strong>&nbsp;(Spain):&nbsp;What resonates from an experience<br><strong>Nicolas Bendrihen<\/strong>&nbsp;(France):&nbsp;The scar of chance effects?<\/p>\n\n\n\n<p><strong>10:45-11:15<\/strong> : COFFEE BREAK<\/p>\n\n\n\n<p><strong>11:15-12:45<\/strong><br><strong>Discussion&nbsp;: Sandra Berta<\/strong>&nbsp;(Brazil)<br><strong>Constanza Lobos<\/strong>&nbsp;AE (Argentina):&nbsp;Desiring a holed knowledge<br><strong>Anne Marie Combres<\/strong>&nbsp;(France):&nbsp;Passing point ?<br><strong>Mikel Plazaola<\/strong>&nbsp;(Spain):&nbsp;Effects of the passage between ignorance and knowledge&nbsp;<\/p>\n\n\n\n<p><strong>12:45-14:15-&gt;LUNCH<\/strong><\/p>\n\n\n\n<p><strong>14:15-15:45&nbsp;<\/strong><br><strong>Discussion&nbsp;: Teresa Trias<\/strong>&nbsp;(Spain)<br><strong>Dimitra Kolonia<\/strong>&nbsp;AE (France):&nbsp;Surprises of the end&nbsp;<br><strong>Marie-Jos\u00e9 Latour<\/strong>&nbsp;(France):&nbsp;Working for the uncertain<br><strong>Ana Laura Prates Pacheco<\/strong>&nbsp;(Brazil):&nbsp;With the window open for the pass<\/p>\n\n\n\n<p><strong>15:45-17:15<\/strong><br><strong>Discussion: Didier Castanet<\/strong>&nbsp;(France)<br><strong>Christelle Suc<\/strong>&nbsp;AE (France):&nbsp;From the lucubration to the unthinkable: anything new?<br><strong>Armando Cote<\/strong>&nbsp;(France):&nbsp;The praise of not knowing and its relationship with truth&nbsp;<br><strong>Carolina Zaffore<\/strong>(Argentina):What is didactic in the passage to the analyst?&nbsp;<\/p>\n\n\n\n<p><strong>17:15 -17.45-&gt;PUNCTUATIONS<\/strong><br><strong>Anastasia Tzavidopoulou<\/strong>&nbsp;(France)<br><strong>Colette Soler<\/strong>&nbsp;(France)<\/p>\n\n\n\n<h3 class=\"wp-block-heading\"><strong>3 &amp; 4 may&nbsp;<\/strong>: International \u00ab&nbsp;Rendez-vous&nbsp;\u00bb \u2013 \u00ab&nbsp;Anxiety, how to make it speak&nbsp;?&nbsp;\u00bb<\/h3>\n\n\n\n<div data-wp-interactive=\"core\/file\" class=\"wp-block-file\"><object data-wp-bind--hidden=\"!state.hasPdfPreview\" hidden class=\"wp-block-file__embed\" data=\"https:\/\/if-epfcl-paris2024.champlacanienfrance.net\/wp-content\/uploads\/2024\/02\/Programme-RVI24-Eng.pdf\" type=\"application\/pdf\" style=\"width:100%;height:600px\" aria-label=\"Embed of Programme-RVI24-Eng.\"><\/object><a id=\"wp-block-file--media-b6e74e56-ea14-4f0f-97b8-e90d881a38a5\" href=\"https:\/\/if-epfcl-paris2024.champlacanienfrance.net\/wp-content\/uploads\/2024\/02\/Programme-RVI24-Eng.pdf\">Programme-RVI24-Eng<\/a><a href=\"https:\/\/if-epfcl-paris2024.champlacanienfrance.net\/wp-content\/uploads\/2024\/02\/Programme-RVI24-Eng.pdf\" class=\"wp-block-file__button wp-element-button\" download aria-describedby=\"wp-block-file--media-b6e74e56-ea14-4f0f-97b8-e90d881a38a5\">T\u00e9l\u00e9charger<\/a><\/div>\n\n\n\n<h3 class=\"wp-block-heading\"><strong>5 may<\/strong>&nbsp;: General assemblies of the if and the school<\/h3>\n\n\n\n<p>8h : Accueil\/signature<br>9h-13h : AG de l&#8217;IF (4h)&nbsp;<br>13h-14h30 : D\u00e9jeuner<br>14h30-17h30 : AG de l&#8217;Ecole<\/p>\n\n\n\n<hr class=\"wp-block-separator has-alpha-channel-opacity\"\/>\n\n\n\n<h2 class=\"wp-block-heading\">Commissions<\/h2>\n\n\n\n<h3 class=\"wp-block-heading\"><em>Scientific Commission<\/em><\/h3>\n\n\n\n<p>Patrick Barillot (Head of RVI), Sandra Berta, Roser Casalprim Maresch, Nadine Cordova, Gabriel Lombardi, Diego Mautino, Beatriz Maya, Carmelo Scuderi, Marc Strauss, Anna Wojakowska-Skiba.<\/p>\n\n\n\n<h3 class=\"wp-block-heading\"><em>Organisation Commission<\/em> <\/h3>\n\n\n\n<p>Cathy Barnier, Bernard Brunie, Aur\u00e9lie Caulier, Dominique Champroux, Nadine Cordova (Head of organisation), Fr\u00e9d\u00e9rique Decoin-Vargas, S\u00e9verine Derrey, Nathalie Dollez, Alexandre Faure, Patrica Gavilanes, Dimitra Giannaka, C\u00e9line Gu\u00e9gan-Casagrande, Carole Leymarie, Fernando Mart\u00ednez (Argentina), Lucile Mons, Tania Navarro, Krist\u00e8le Nonnet-Pavois, Claire Parada, Mich\u00e8le Paperman, Jose Alejandro P\u00e9rez Betancur, Christine Silbermann, Ir\u00e8ne Tu Ton, Anastasia Tzavidopoulou, Ang\u00e9lique Walter.<\/p>\n","protected":false},"excerpt":{"rendered":"<p>Presentation Every two years, alternating from each side of the Atlantic to the other, an International \u201cRendez-vous\u201d brings together members of the IF and the School around a theme set at the previous\u201d Rendez-vous\u201d. Prior to each \u201cRendez-vous\u201d, preparatory work is distributed to the members&#8217; mailing list and posted on the website. The contributions presented [&hellip;]<\/p>\n","protected":false},"author":2,"featured_media":0,"parent":0,"menu_order":0,"comment_status":"closed","ping_status":"closed","template":"","meta":{"footnotes":""},"class_list":["post-153","page","type-page","status-publish","hentry"],"_links":{"self":[{"href":"https:\/\/if-epfcl-paris2024.champlacanienfrance.net\/en\/wp-json\/wp\/v2\/pages\/153","targetHints":{"allow":["GET"]}}],"collection":[{"href":"https:\/\/if-epfcl-paris2024.champlacanienfrance.net\/en\/wp-json\/wp\/v2\/pages"}],"about":[{"href":"https:\/\/if-epfcl-paris2024.champlacanienfrance.net\/en\/wp-json\/wp\/v2\/types\/page"}],"author":[{"embeddable":true,"href":"https:\/\/if-epfcl-paris2024.champlacanienfrance.net\/en\/wp-json\/wp\/v2\/users\/2"}],"replies":[{"embeddable":true,"href":"https:\/\/if-epfcl-paris2024.champlacanienfrance.net\/en\/wp-json\/wp\/v2\/comments?post=153"}],"version-history":[{"count":16,"href":"https:\/\/if-epfcl-paris2024.champlacanienfrance.net\/en\/wp-json\/wp\/v2\/pages\/153\/revisions"}],"predecessor-version":[{"id":1180,"href":"https:\/\/if-epfcl-paris2024.champlacanienfrance.net\/en\/wp-json\/wp\/v2\/pages\/153\/revisions\/1180"}],"wp:attachment":[{"href":"https:\/\/if-epfcl-paris2024.champlacanienfrance.net\/en\/wp-json\/wp\/v2\/media?parent=153"}],"curies":[{"name":"wp","href":"https:\/\/api.w.org\/{rel}","templated":true}]}}

<div data-wp-interactive="core/file" class="wp-block-file alignwide"><object data-wp-bind--hidden="!state.hasPdfPreview" hidden class="wp-block-file__embed" data="https://if-epfcl-paris2024.champlacanienfrance.net/wp-content/uploads/2024/04/RVI_INT_EN_NUM.pdf" type="application/pdf" style="width:100%;height:650px" aria-label="Embed of RVI_INT_EN_NUM."></object><a id="wp-block-file--media-c8373610-cbbb-4709-b8ba-b21acee29c2e" href="https://if-epfcl-paris2024.champlacanienfrance.net/wp-content/uploads/2024/04/RVI_INT_EN_NUM.pdf">RVI_INT_EN_NUM</a><a href="https://if-epfcl-paris2024.champlacanienfrance.net/wp-content/uploads/2024/04/RVI_INT_EN_NUM.pdf" class="wp-block-file__button wp-element-button" download aria-describedby="wp-block-file--media-c8373610-cbbb-4709-b8ba-b21acee29c2e">Télécharger</a></div>



<h2 class="wp-block-heading alignwide"><strong>Presentation</strong></h2>



<p>Every two years, alternating from each side of the Atlantic to the other, an International “Rendez-vous” brings together members of the IF and the School around a theme set at the previous” Rendez-vous”.</p>



<p>Prior to each “Rendez-vous”, preparatory work is distributed <strong>to</strong> the members&#8217; mailing list and posted on the website. The contributions presented during the “Rendez-vous” are published electronically in the journal<strong> </strong><em>Hétérité</em><strong>.</strong><strong></strong></p>



<p>Each meeting is an opportunity to convene the assemblies of the IF and the School with the purpose of adjusting the direction and functioning based on the experience gained and the change of situations.</p>



<h2 class="wp-block-heading alignwide">Agenda</h2>



<h3 class="wp-block-heading">1st may</h3>



<p><strong>PSYCHOANALYSIS WITH CHILDREN, PSYCHOANALYSIS IN INSTITUTIONS</strong></p>



<p>Neither one nor the other, and a fortiori not the one with children in institutions, deviates from the singularity of the Analytical Discourse but all these practices present particularities which relate as much to the device as to a more complex relationship to the transfer . On the other hand, the clinic encountered is often particular with numerous cases of psychoses, autism, addictions, family pathologies complicated by social pathologies. The clinical experience of colleagues who work with the REP, RIP, RHIPNA, REPSY networks, can enlighten us on the ethical conditions of these particular clinics supported by the decided desire of clinicians, in particular those who maintain the analytical experience in places who do not support it, or even fight it.</p>



<p><strong>8:30 &gt; RECEPTION</strong></p>



<p><strong>9:00 &#8211; 10:00 &gt; ROUNDTABLE RHIPNA : THE PHOBIA&#8230; STILL &#8211;</strong><br><strong>COORDINATOR</strong>&nbsp;: Stella Casanova (Panama &#8211; RHIPNA Member)<br><strong>RHIPNA- Barcelona</strong><br><strong>Pau Borrat</strong> (Spain)&nbsp;: Aspirated in the Mirror&#8221;<br><strong>RHIPNA &#8211; North Latin America Zone</strong><br><strong>María de los Ángeles Gómez Escudero (</strong>Puerto Rico)&nbsp;: Forbidden games: some notes on the body and phobias after the pandemic<br><strong>RHIPNA &#8211; South Latin America Zone</strong><br>María Verónica Lobos (Argentina)&nbsp;: Storm of affection: a child&#8217;s phobia<br><strong>RHIPNA &#8211; Madrid. Aula Abierta</strong><br>Francisco José Santos Garrido (Spain)&nbsp;: Anguish and the fact of inhabiting language</p>



<p><strong>10:00-10:15 &gt; </strong><strong>BREAK</strong></p>



<p><strong>10:15- 12:00 &gt; ROUNDTABLE RHIPNA REP – RIP</strong><br><strong>MODERATORS</strong><br><strong>Martine Menès</strong> (France)&nbsp;: Coordinator REP<br><strong>Jean-Pierre Drapier</strong> (France)&nbsp;: Coordinator RIP</p>



<p><strong>FIRST SEQUENCE</strong><br><strong>Claire Duguet </strong>(France) A workshop for autistic people in an institution, what place for psychoanalysis?<br><strong>Consuelo Pereira de Almeida</strong> (Brazil) Psychoanalysis with children and in institutions. How can we make anxiety speak when its object is the body itself?<br><strong>Giulio Artizzu</strong> (Italy) Transfers and institutions: so as not to shrink from the disappearance of psychosis.</p>



<p><strong>SECOND SEQUENCE</strong><br><strong>Elisabeth Léturgie</strong> (France)&nbsp;: The anxiety that (is) hidden<br><strong>Laurence Martin</strong> (France)&nbsp;: Sunday evening anxiety</p>



<h4 class="wp-block-heading">13h30-16h30 : Symposium of the pass </h4>



<p>(Participants : the members of the last two CIG attend,&nbsp;<em>passeurs</em>&nbsp;who have served in that period and the corresponding pass&nbsp;<em>secretariats</em>)</p>



<h4 class="wp-block-heading">16h30-18h30 : International Laboratory of the Politics of Psychoanalysis (LIPP)</h4>



<p><strong>Presentation</strong><br>Among the urgencies of our&nbsp;time, the greatest urgency for us&nbsp;today: the survival of psychoanalysis. In one way or another,&nbsp;all&nbsp;participants of the LIPP,&nbsp;gathered in&nbsp;cartels,&nbsp;have different perspectives on this issue.</p>



<p>Attempting&nbsp;to address the politics of our School has,&nbsp;on the one hand, led us&nbsp;to return to&nbsp;the fundamental&nbsp;questions of psychoanalysis that form&nbsp;the politics of psychoanalysis,&nbsp;not to be confused with realpolitik, since &#8220;the unconscious is politics”:&nbsp;the intimate relationship between clinic and politics, the confusion between extension and expansion, the politics of the act, the impossibility of transmission of psychoanalysis, etc.</p>



<p>On the other hand,&nbsp;it has also led us to think about the malaise in our current institutions in order to try to&nbsp;determine if there&nbsp;are&nbsp;distinct&nbsp;external factors in each zone that influence this malaise, as well as to focus on the cause of the malaise, by trying to&nbsp;show&nbsp;the discourse that has been established in this or that situation.&nbsp;On the basis of these questions, possible methods of intervention have been considered.</p>



<p>Finally, ¿how do the emergencies of a time and place affect a Forum, and what are the consequences for the School? These are some of the questions of our School that resonate with our questions about the subjectivity of our contemporary world.</p>



<p><strong>Program</strong><br>1. Presentation of the LIPP and its&nbsp;means of diffusion. <strong>Stella Casanova</strong><br>2. Politics,&nbsp;semblance,&nbsp;and discourses: affects and effects. <strong>Devra Simiu</strong><br>3. The politics of psychoanalysis: a countercurrent politics? <strong>Clara Cecilia Mesa</strong><br>4. Psychoanalysis and knowledge.&nbsp;<strong>Maria Koukoumaki, Mohamed Kadarikoumaki, Mohamed Kadari</strong></p>



<h3 class="wp-block-heading"><strong>2 may </strong>: School meeting – « Knowledge and ignorance in the passage to the analyst »</h3>



<p class="has-text-align-right"><em>Amphitheatre Lavoisier (Simultaneous translation English, Spanish, French, Italian, Portuguese</em></p>



<p><strong>8:00-&gt;REGISTRATIONS</strong></p>



<p><strong>9:00 -&gt;OPENING</strong><br><strong>Carolina Zaffore</strong>&nbsp;(Argentina) and&nbsp;<strong>Dominique Fingermann</strong>&nbsp;(France)<br>Secretaries&nbsp;of the International College of the Guarantee</p>



<p><strong>9:15 -10:45</strong><br><strong>Discussion:&nbsp;Martine Menès (</strong>France)<br><strong>Elynes Barros</strong>&nbsp;AE&nbsp;(Brazil):&nbsp;What can you know from an analysis?<br><strong>Rebeca Garcia</strong>&nbsp;(Spain):&nbsp;What resonates from an experience<br><strong>Nicolas Bendrihen</strong>&nbsp;(France):&nbsp;The scar of chance effects?</p>



<p><strong>10:45-11:15</strong> : COFFEE BREAK</p>



<p><strong>11:15-12:45</strong><br><strong>Discussion&nbsp;: Sandra Berta</strong>&nbsp;(Brazil)<br><strong>Constanza Lobos</strong>&nbsp;AE (Argentina):&nbsp;Desiring a holed knowledge<br><strong>Anne Marie Combres</strong>&nbsp;(France):&nbsp;Passing point ?<br><strong>Mikel Plazaola</strong>&nbsp;(Spain):&nbsp;Effects of the passage between ignorance and knowledge&nbsp;</p>



<p><strong>12:45-14:15-&gt;LUNCH</strong></p>



<p><strong>14:15-15:45&nbsp;</strong><br><strong>Discussion&nbsp;: Teresa Trias</strong>&nbsp;(Spain)<br><strong>Dimitra Kolonia</strong>&nbsp;AE (France):&nbsp;Surprises of the end&nbsp;<br><strong>Marie-José Latour</strong>&nbsp;(France):&nbsp;Working for the uncertain<br><strong>Ana Laura Prates Pacheco</strong>&nbsp;(Brazil):&nbsp;With the window open for the pass</p>



<p><strong>15:45-17:15</strong><br><strong>Discussion: Didier Castanet</strong>&nbsp;(France)<br><strong>Christelle Suc</strong>&nbsp;AE (France):&nbsp;From the lucubration to the unthinkable: anything new?<br><strong>Armando Cote</strong>&nbsp;(France):&nbsp;The praise of not knowing and its relationship with truth&nbsp;<br><strong>Carolina Zaffore</strong>(Argentina):What is didactic in the passage to the analyst?&nbsp;</p>



<p><strong>17:15 -17.45-&gt;PUNCTUATIONS</strong><br><strong>Anastasia Tzavidopoulou</strong>&nbsp;(France)<br><strong>Colette Soler</strong>&nbsp;(France)</p>



<h3 class="wp-block-heading"><strong>3 &amp; 4 may&nbsp;</strong>: International «&nbsp;Rendez-vous&nbsp;» – «&nbsp;Anxiety, how to make it speak&nbsp;?&nbsp;»</h3>



<div data-wp-interactive="core/file" class="wp-block-file"><object data-wp-bind--hidden="!state.hasPdfPreview" hidden class="wp-block-file__embed" data="https://if-epfcl-paris2024.champlacanienfrance.net/wp-content/uploads/2024/02/Programme-RVI24-Eng.pdf" type="application/pdf" style="width:100%;height:600px" aria-label="Embed of Programme-RVI24-Eng."></object><a id="wp-block-file--media-b6e74e56-ea14-4f0f-97b8-e90d881a38a5" href="https://if-epfcl-paris2024.champlacanienfrance.net/wp-content/uploads/2024/02/Programme-RVI24-Eng.pdf">Programme-RVI24-Eng</a><a href="https://if-epfcl-paris2024.champlacanienfrance.net/wp-content/uploads/2024/02/Programme-RVI24-Eng.pdf" class="wp-block-file__button wp-element-button" download aria-describedby="wp-block-file--media-b6e74e56-ea14-4f0f-97b8-e90d881a38a5">Télécharger</a></div>



<h3 class="wp-block-heading"><strong>5 may</strong>&nbsp;: General assemblies of the if and the school</h3>



<p>8h : Accueil/signature<br>9h-13h : AG de l&#8217;IF (4h)&nbsp;<br>13h-14h30 : Déjeuner<br>14h30-17h30 : AG de l&#8217;Ecole</p>



<hr class="wp-block-separator has-alpha-channel-opacity"/>



<h2 class="wp-block-heading">Commissions</h2>



<h3 class="wp-block-heading"><em>Scientific Commission</em></h3>



<p>Patrick Barillot (Head of RVI), Sandra Berta, Roser Casalprim Maresch, Nadine Cordova, Gabriel Lombardi, Diego Mautino, Beatriz Maya, Carmelo Scuderi, Marc Strauss, Anna Wojakowska-Skiba.</p>



<h3 class="wp-block-heading"><em>Organisation Commission</em> </h3>



<p>Cathy Barnier, Bernard Brunie, Aurélie Caulier, Dominique Champroux, Nadine Cordova (Head of organisation), Frédérique Decoin-Vargas, Séverine Derrey, Nathalie Dollez, Alexandre Faure, Patrica Gavilanes, Dimitra Giannaka, Céline Guégan-Casagrande, Carole Leymarie, Fernando Martínez (Argentina), Lucile Mons, Tania Navarro, Kristèle Nonnet-Pavois, Claire Parada, Michèle Paperman, Jose Alejandro Pérez Betancur, Christine Silbermann, Irène Tu Ton, Anastasia Tzavidopoulou, Angélique Walter.</p>
